+ 235 = d. Is ((-392)/h - 8) + 4726/12 composite?
True
Let v(t) = 1501*t**2 + 1871*t + 13101. Is v(-7) prime?
True
Suppose 0 = -4*y + 8*y - 12. Suppose -2*b - 9 + 3 = y*w, -4*w = 3*b + 8. Suppose a = -b*q - 2*q + 3938, -2*a - 7876 = -4*q. Is q prime?
False
Let w(t) = -470*t + 729. Is w(-20) prime?
False
Let t(i) = 4255*i**2 + 85*i - 809. Is t(9) composite?
False
Let f = -11 - -20. Let r(k) = 496*k + 93. Let t(j) = 165*j + 32. Let c(x) = 6*r(x) - 17*t(x). Is c(f) composite?
False
Suppose -41 = -12*i + 19. Suppose -i*p - 3*q = -14041, -5139 = 5*p + 4*q - 19182. Is p prime?
False
Let b = -143163 - -426376. Is b composite?
True
Let k(c) = -c + 15. Let y(u) = 1. Let i(j) = k(j) + 5*y(j). Let v be i(15). Suppose -3*w + v*p = -216, 2*p = -w - 0*w + 61. Is w prime?
True
Suppose -4*y - 6*p = -4*p - 8, -y - 2*p - 1 = 0. Suppose y*s = -i + 2918, 4*i + i = -2*s + 14655. Is i prime?
False
Suppose 117*h - 90327 = -3*s + 112*h, 5*s - 3*h - 150545 = 0. Is s prime?
True
Suppose 11*l - 10489 = -5*z + 12*l, -2*z + 5*l = -4168. Is z composite?
False
Let f(c) = -16*c**2 - 8*c + 5. Let l be f(7). Let v = -188 - l. Is v a composite number?
False
Suppose 0 = -5*m + h + 530221, 31*m - 32*m - 2*h + 106031 = 0. Is m prime?
False
Suppose -387*a = 5704491 + 28378207 - 485654035. Is a prime?
False
Suppose 21*m - 89*m = -15484892. Is m prime?
True
Suppose 0 = 5*j - 2*w - 0*w - 134745, -4*w = j - 26927. Is j prime?
True
Suppose 68326937 = 212*s + 4594861. Is s a composite number?
False
Let p(z) = -6*z**2 + 85*z - 16. Let c be p(14). Is (1 + (-2 - c))/(1/487) composite?
False
Let d be -1016*((-726)/(-84) - (-1)/(-7)). Let y = -5043 - d. Is y composite?
False
Let k(l) = 2*l**3 + 14*l**2 + 5. Let c be k(-7). Suppose 4*t - 6627 - 2072 = -3*o, -2*o + 5797 = c*t. Is o a composite number?
True
Is (740721/5 - -2) + 2748/(-2290) prime?
False
Suppose 62*w - 6021658 = -56*w. Is w a composite number?
False
Let a(k) = -12243*k**3 - 8*k**2 - 8*k + 11. Is a(-2) prime?
False
Let k = -12138 - -31701. Is k prime?
False
Suppose -537*y - 37308 = -549*y. Is y a prime number?
True
Suppose -10*n + 45*n - 17104925 + 2401530 = 0. Is n a prime number?
True
Suppose 8 = -4*r - 8. Let p be 8180/22 + r/(-22). Suppose -3*k = 3*k - p. Is k a composite number?
True
Suppose 4*v + 0*v - 20 = 0. Suppose -3*u + 1071 = -2*z, -u + v*z + 1428 = 3*u. Suppose -u + 75 = -3*p. Is p a composite number?
True
Suppose 60*y = 66*y - 2373990. Is y a composite number?
True
Let r(q) = 77*q + 5. Let c(v) = -v + 24. Suppose -w = 3*o - 21, 89 = 5*w - 0*o - o. Let h be c(w). Is r(h) a prime number?
True
Suppose -2*h + 4 - 42 = -t, h = -5*t + 157. Let w be 4*2/(-5)*(-100)/t. Suppose -2*v + 7736 = w*i - i, -7736 = -4*i - 5*v. Is i a composite number?
True
Suppose 17*h - 6096417 = -30*h. Is h composite?
True
Let k(w) = -w**3 - 12*w**2 - 12*w - 1. Let z be k(-13). Suppose y - z = 4*y - 3*l, -328 = 3*y - 5*l. Let b = 85 - y. Is b a prime number?
True
Suppose -11524 = 13*m - 11*m + 4*u, 0 = 2*m - 3*u + 11489. Is ((-38)/(-8) + -4)*m/(-6) a prime number?
True
Suppose -721607 = -4*i + 3*o - 54480, 5*i = -6*o + 833899. Is i composite?
False
Let u = 263 + -262. Is 16243/u*(-2)/4*-2 a prime number?
False
Let b(t) = 3186*t - 25. Let c be b(4). Suppose -48809 = -4*k + c. Suppose 4*h + 3122 = k. Is h prime?
False
Suppose -5*v = -3*w + 63493, 4*w - 5*v + 84599 = 8*w. Suppose 2*i - 5*o = 14129, -38*i + 35*i + w = 5*o. Is i a prime number?
True
Let d(h) = -1916*h - 6. Let k be d(4). Let b be (-2)/(-1)*70095/(-10). Let u = k - b. Is u a composite number?
True
Let b = -122 + 101. Let f be 1 + 2565 - (b + 21). Let s = f - 1655. Is s a prime number?
True
Suppose 4*o = -2*k + 3078280, o + 5*k = 6421 + 763176. Is o a composite number?
True
Let w(t) = 4*t**2 - 2*t + 2. Let k be w(1). Let d(n) = -3*n - 13. Let v be d(k). Is (-2594)/(-5) - 5/v composite?
True
Suppose 30*q + 4269161 = 43*q. Is q a prime number?
True
Let b be (-1)/((-12)/30)*-44. Let i = -106 - b. Suppose -6*m = -i*m - 2326. Is m composite?
False
Let d(i) = i**3 + 31*i**2 - 12*i - 6. Let f be d(-15). Suppose 4*b - f = -2*b. Is b composite?
True
Let w(s) = -17190*s**3 + 2*s**2 + 7*s - 5. Is w(-2) a prime number?
False
Suppose 2*l + 3*l = 3*a + 1, 0 = -a + 3*l + 1. Let d(t) = 2713*t**2 - 2*t - 9. Is d(a) a prime number?
True
Let m be -3 + 0 + (-5 - -9) + -128. Is m/((-2 + 0)/22) a prime number?
False
Suppose 211676134 - 25582850 + 53598366 = 550*m. Is m composite?
True
Suppose -5*y + 17028 + 47212 = 0. Suppose -13*v = -26243 - y. Is v prime?
False
Suppose 0 = 7*h - 19 + 5. Suppose -n + 18 = h*n. Suppose -3*u = n*u - 315. Is u prime?
False
Suppose 2*t = -4270 - 86. Let f = -1422 - t. Suppose 0 = 2*y - 3*y - 2*u + 387, -2*u - f = -2*y. Is y a prime number?
False
Let o be (3 - 26/8)/(2/(-88)). Let a(g) = -g**2 - 12*g - 3*g - 20*g - o*g - 7. Is a(-24) a prime number?
True
Suppose -5*b + 33772 = -4*o - 36305, -2*b - 2*o = -28038. Is b composite?
True
Let m(s) = 532*s**2 - 2*s - 5. Let g(l) = 798*l**2 - 3*l - 8. Let d be ((-3)/6)/(0 + 4/40). Let a(k) = d*g(k) + 8*m(k). Is a(-1) a composite number?
True
Let l = -119271 - -176462. Is l a composite number?
False
Let f(j) = j**3 - 7*j**2 - 10*j + 22. Let n be f(8). Is n/(-15) + (-97869)/(-85) composite?
False
Suppose -13*f = 3*r - 12*f - 1785389, 4*r - 5*f - 2380506 = 0. Is r prime?
True
Suppose 0*o + 2*o = 0, -2*z - 2156 = 4*o. Let n = 3464 + z. Suppose -5*g = -3*g - n. Is g prime?
True
Let p = 5249 - 3644. Suppose 21*t - 2784 = p. Is t composite?
True
Suppose 95118 = 2*y + 5*k - 152866, -3*k = y - 123989. Is y composite?
True
Is 10885 - 2/13*13 a composite number?
False
Let p = -15 - -15. Suppose -4*m + p*m + 12 = 0. Suppose -m*z + 2463 = -1374. Is z a composite number?
False
Suppose -5*v = -5*x + 10, -1 = 3*x + 5*v - 7. Let f = 7 - 4. Suppose -5*g = x*u - 2*g - 4719, -2358 = -u - f*g. Is u composite?
True
Let x(k) be the third derivative of -169*k**4/3 + 127*k**3/6 - 12*k**2 - 6*k. Is x(-5) a prime number?
False
Let g = 216 - 203. Let n be 2/11 + 238/22. Suppose -g*l + 290 = -n*l. Is l a composite number?
True
Let l(m) = -2*m**2 + 5*m - 41. Let z be 1 + 1 + -18 - -5. Let t be l(z). Let j = t - -639. Is j prime?
False
Suppose 14*f - 31588 - 66853 = -17199. Is f a composite number?
True
Is 84/231 - 1049319/(-11) prime?
True
Is (-92602)/(-14) - -4 - 100/(-175) prime?
True
Let k(z) = -z**2 - 39*z - 166. Let j be k(-34). Suppose -2*i + 4*x - 5199 = -3*i, j*i - x = 20762. Is i composite?
True
Let r be (-8)/52 + 259/(-91). Is (3 - 4)/(r/(92 - -1)) a composite number?
False
Let c be (-7 + 3)*((-22371)/12 + -1). Let l = 3890 + c. Is l a prime number?
True
Suppose 10*q + 5 - 15 = 0. Suppose 0 = -11*t - q + 45. Is ((-2140)/6)/((-98)/21 + t) prime?
False
Let i(k) = -13870*k - 287. Is i(-10) composite?
True
Let w be (-93)/(-5) - (-18)/(-30). Suppose -10*u + 12 + w = 0. Suppose -4*x + p = -6910, 4*p = -u*x + 4249 + 924. Is x a composite number?
True
Let f(k) = 13 - 19*k + 287*k + 4. Is f(11) a composite number?
True
Let z(b) = -25*b + 85. Let q be z(9). Let o = 3777 + q. Is o a composite number?
False
Let c be (3/6)/((-20)/(-42480)). Suppose 0 = 9*n - 6921 - c. Is n a prime number?
True
Suppose h = 188810 - 60217. Is h prime?
False
Let h be -15*4/(-12)*726/2. Suppose -l + 23*q - 26*q + 904 = 0, 2*l - h = q. Is l prime?
True
Suppose -3*m + 2*a = -7, 2*a = -2*m + 3*a + 4. Suppose -3*s + 0*s + 4*p = -2603, 0 = p - m. Is s composite?
True
Suppose 39 = k + 12*k. Suppose 7*v = 2*v - k*c - 2636, -v - 541 = -4*c. Let y = -366 - v. Is y prime?
True
Suppose 5*s + 4*d = 34, -8*s - 3*d + 27 = -4*s. Let o be (-2806)/3 - (s + (-80)/15). Let f = o - -1605. Is f a prime number?
False
Suppose 5*w + 0*w - r = 1404296, -4*w - r + 1123435 = 0. Is w prime?
True
Suppose -n + 4*x = 1 + 3, x = -2*n + 1. Suppose 3*f + 3*t = 4*f + 11, 2*f - t + 7 = n. Is (-1593)/(-5) + f/(-5) prime?
False
Let c(p) = -26*p**2 - 40*p - 31. Let i be c(17). Let y = -3852 - i. Is y a composite number?
False
Suppose -2*q + 21346 = -15*q. Let s = -879 - q. Is s a prime number?
False
Let q be ((-12)/(-14))/(3/(-42)). Let g be q/(-15)*(-10)/(-4). Is (-20076)/(-18)*3/g a composite number?
True
Suppose -4908 = -5*t + 1177. Let k = 227 - t. Let z = 1409 + k. Is z a prime number?
True
Let j(y) = 297*y - 4. Suppose